- 2. Let k(i) = i**2 + 10*i + 27. Let x be k(-5). Suppose 0 = -2*z + x*o + 8, 5*o + 0 = -z + 4. Give d(z).
14
Let m(d) = 34*d. Let f be -1 - 4/(-8)*(-36)/(-9). Determine m(f).
34
Let h(b) = b**2 - 3*b - 3. Let i be h(4). Suppose i = 2*k - 1. Let c be (-7 - (-3 - -2))/k. Let n(t) = 2*t + 3. What is n(c)?
-9
Let p be (-32)/(-10)*15/(-2). Let o = -21 - p. Let t(f) = f**3 - 4*f**2 + 3*f - 3. Let i be t(o). Let k(g) = g**2 + 6*g + 2. What is k(i)?
-7
Let u(l) = -2*l - 5. Let x be 4 - (7 + (5 - 7)). Let h be x/(-6)*-3*10. Calculate u(h).
5
Let x(k) = -13*k + 24. Let p(r) = -6*r + 11. Let n(t) = 9*p(t) - 4*x(t). Determine n(2).
-1
Let o be (-3)/3 - (-15)/5. Let j(b) = 7 + b**o + 3*b - 5*b - 8*b. Determine j(8).
-9
Let d be 6*((-34)/(-6) + -6). Let g(t) = -3*t**2 - 5*t + 1. What is g(d)?
-1
Let b(h) = 277*h - 554*h + 279*h - 2. Give b(-2).
-6
Let x(u) = 2*u + 3. Let q(p) = -2*p - 4. Let z(v) = 2*q(v) + 3*x(v). Let h = -10 + 15. Suppose 16 = h*l - l. Determine z(l).
9
Let n = -3 + 4. Let s(b) be the second derivative of 1/6*b**3 + 1/12*b**4 - 1/2*b**2 - 1/5*b**5 + 0 + 15*b. Determine s(n).
-3
Let w(d) be the third derivative of d**4/24 + d**3/6 - d**2. Let n be w(-3). Let l(f) = -368*f + 741*f - 369*f. What is l(n)?
-8
Suppose -40*m + 20*m + 60 = 0. Let t(a) = 5*a - 10. Give t(m).
5
Let i = 8 - 3. Let o(c) = 2 + 214*c**2 - 213*c**2 - 3 - 6*c. Determine o(i).
-6
Let r(y) = -2*y**2 - 13*y + 22. Let v = 1778 + -1786. Determine r(v).
-2
Let h = 10 - 6. Suppose 0 = a + 5*f - 15, 2*f + 33 = h*a - 5. Let y(m) = m + 1. Calculate y(a).
11
Let n = 79 + -75. Suppose -n*k = -5*l - 16, -3*l - 13 - 1 = 2*k. Let s(r) = r**2 - r. Let q(x) = 17*x**2 - 5*x + 1. Let f(i) = -q(i) + 5*s(i). Calculate f(k).
-13
Let j(l) = -l**3 - 14*l**2 - 14*l - 19. Let a = 193 + -206. Calculate j(a).
-6
Let d(i) = 3 + 0 + 2*i + 8 - 16. Give d(-4).
-13
Let h(a) be the third derivative of 1/120*a**6 + 0*a**5 + 0*a - 1/6*a**3 + 0 - 1/12*a**4 - 3*a**2. Suppose m + 636 = 635. Give h(m).
0
Suppose 69*a - 66*a - 18 = 0. Suppose -a*k = -11*k - 35. Let b(h) = h**2 + 7*h + 8. Calculate b(k).
8
Let b(r) be the third derivative of -7/6*r**3 + 1/60*r**5 + 1/12*r**4 + 0*r + 0 - 23*r**2. Determine b(-5).
8
Let z(q) = -2 - 2*q + 4 - 5*q**2 - 4 + 0 - q**3. Let t = 14 - 12. Let b be (0 - t)*(-45)/(-18). Determine z(b).
8
Let u(q) = 27 + 27 - 52 - 3*q - 2*q**2. Suppose o + o - 18 = 0. Suppose l = 4*l + o. Calculate u(l).
-7
Let x(i) be the first derivative of i**4/4 + 7*i**3/3 - 4*i**2 - 9*i - 84. What is x(-8)?
-9
Let t(f) = 3*f - 4. Let k(a) = a + 1. Let z(q) = 4*k(q) - 2*t(q). Determine z(9).
-6
Let o(l) = -2*l + 20. Let c be -5*(-13)/(325/70). Calculate o(c).
-8
Let l(k) = 4*k**3 - k**2 + 2*k - 2. Let f be 7/49*-1 + (-15)/(-7). Calculate l(f).
30
Let j(g) = -g - 3. Let w = 2 - 4. Suppose 3*h = -5*i + 7, -3*h + 3 = -2*i - 11. Let z = w + i. What is j(z)?
0
Let m(i) = 4*i**2 - 3*i + 3. Let o(y) = -4*y**2 - 2*y + 1. Let c be o(1). Let h be 1/c + 138/15. Let l = -7 + h. Determine m(l).
13
Let h be ((-48)/42)/(2 + 72/(-42)). Let v(o) = 4*o**2 + 6*o - 3. Calculate v(h).
37
Suppose -5*b + 2 = 3*o - 11, o + 4*b - 9 = 0. Let s(f) = -f**2 - o - 5*f + 0*f + 0*f**2 + 0. Let j be ((-4)/(-2) - -3)*-1. Give s(j).
-1
Let x be (-8)/(-5)*50/20. Let u(q) = 6*q**2 + 5*q**3 - x*q**3 - 2185*q + 2185*q + 7. What is u(-6)?
7
Let z(s) = 255*s**3 - 159*s**3 + 6 - 5*s**2 - 97*s**3. Let l = -1 + -4. Calculate z(l).
6
Let j(y) = y - 2. Suppose 0*m - 1 = f + m, 3*f - 5 = m. Suppose 2*w + 1 = f. Give j(w).
-2
Suppose -5 = -4*p - 2*t + 1, 0 = -2*p + t + 5. Suppose p = -4*u + 18. Suppose 4 = u*l - 16. Let h(d) = d**3 - 4*d**2 - 6*d + 6. What is h(l)?
1
Let g = 276 - 273. Let p(h) = h - 3. Determine p(g).
0
Let n = -23 + 28. Let o(s) = 2 + 6*s - 9 - 5 - n*s. Give o(5).
-7
Let u(t) = -8*t**3 + 8*t**2 + 0*t - 9 - 3*t**2 + 7*t + 7*t**3. Let o be ((-28)/(-6))/((-2)/(-3)). Suppose -o = -2*x + 5. Determine u(x).
-3
Let i = -63 - -63. Let n(j) = 2 + i*j + 3*j + j. Calculate n(-2).
-6
Let k(q) = 4*q - 5. Let a be 3*(-8)/(-6) + 4. Suppose -5*z + 4*z = -2*p - a, -5*z + 24 = -2*p. Calculate k(z).
11
Let f(a) = 2*a + 1 - a**3 - 3*a**2 - a**2 + 0. Let i = 25 + -11. Let z be (1 - i/2) + 2. What is f(z)?
-7
Let r(a) = -a**2 - 10*a + 139. Let s be r(-18). Let f(h) = h**2 + h + 3 + 7*h + 0 + 3. What is f(s)?
-9
Let h(m) = -19*m + 15 - 15*m - 8*m - 13*m + 56*m. What is h(0)?
15
Let v(h) = h + 0*h**2 - 2*h**2 + h. Suppose 10 = 2*l + 9*d - 11*d, -19 = -5*l + 2*d. Determine v(l).
-12
Let x(s) = s**3 + 6*s**2 + 7*s + 1. Suppose 3*h - 34 = 5*u, 0 = 2*h - 2*u + 1 - 17. Suppose -h*m - j - 12 = 0, -47 = 5*m - 4*j - 10. Determine x(m).
-9
Let q(z) = -6 + 0*z**2 - 6*z + 5 + z**2 - 4. Suppose -3 = 3*p - 4*p. Suppose 0 = p*t - 5 - 7. Calculate q(t).
-13
Let k(j) be the first derivative of 7*j**2/2 - 19*j - 824. What is k(6)?
23
Let b(y) = 37*y**3 - 56*y**2 + 11*y. Let n(t) = 7*t**3 - 11*t**2 + 2*t. Let w(h) = -3*b(h) + 16*n(h). Suppose -41 = -5*f - 1. What is w(f)?
-8
Let n(h) be the third derivative of h**4/6 + 11*h**3/6 - 181*h**2. Give n(-9).
-25
Let t(d) = -2*d**2 + 15*d + 9. Let q(x) = x**2 - 8*x - 5. Let p(w) = -5*q(w) - 3*t(w). Let l be p(5). Let a(b) = b**3 + b**2 + 2*b + 1. Give a(l).
-7
Suppose 0 = -2*h + 4*h - 12. Let d = 10 - h. Let w be (-6)/d - (-1)/2. Let o(y) = -y**3 - 3*y**2 - y. Give o(w).
-1
Let z(d) = -d**2 + 8*d - 1. Let j(w) = w**3 + w**2 - 29*w + 13. Suppose -2*u - 24 = 4*t, -t + 0*t + 5*u - 6 = 0. Let q be j(t). Calculate z(q).
6
Let o(p) = -4*p + 19. Let n(h) = 5*h - 16. Let i(d) = 4*n(d) + 3*o(d). Calculate i(5).
33
Suppose -56 = -12*m + 112. Suppose 4*h = m*h - 40. Let a(c) = -c**2 - 2*c. Give a(h).
-24
Let w(q) be the third derivative of 1/3*q**4 + 0*q + 7*q**2 + 1/6*q**5 + 1/2*q**3 + 1/120*q**6 + 0. Give w(-9).
12
Let i(s) = 53*s + 62*s - 2 + 1 + 54*s - 165*s. Let u(c) = 4*c - 1. Let h be u(1). Determine i(h).
11
Let q(z) = -z**2 + 6*z + 1. Suppose d - 5 = g, 2*g - 11 = -4*d - 3. Suppose -4 = -y + d*j, 6*j + 30 = 4*y + j. Suppose 0*b + 2*b - y = 0. Give q(b).
6
Let g(n) = 13*n + 2. Suppose -104*b - 96 = -80*b. Determine g(b).
-50
Let q(j) = -9*j**3 - 45*j**2 - 10*j - 45. Let k be q(-5). Let u(b) = -4 - 3*b + 10*b - 3 - b**2. Determine u(k).
3
Suppose 2*d + 3*d - 10 = 0. Suppose -22 = -4*n + 5*a, -10*a = -4*n - 7*a + 18. Let c(m) = -10 - d*m**3 + m + 8*m**2 + 0 + 0 + m**n. Give c(8).
-2
Let k(u) = u**3 + 4*u**2 - 8*u - 7. Let y(c) be the third derivative of c**5/30 + 3*c**4/4 + 11*c**3/6 - 10*c**2. Let z be y(-8). Give k(z).
8
Let r(y) = y**3 - 4*y**2 + 4. Let z(g) = 5*g**3 - 19*g**2 + 21. Let h(b) = -11*r(b) + 2*z(b). Let p be 1/((8/40)/(3/(-5))) - -9. Calculate h(p).
-2
Let z = 34 - 31. Let v(c) be the first derivative of -1 - 1/4*c**4 + 5/3*c**3 - 5/2*c**2 + 3*c. Give v(z).
6
Let t(h) = -h**3 + 3*h**2 - h - 2. Let l = 9 + -11. Let z(x) = 2*x - 1. Let b be z(l). Let q be 1/(-5) - 11/b. Calculate t(q).
0
Let f(b) = 4*b - 7. Suppose 29*l + 77 = -155. What is f(l)?
-39
Let f(l) = 6*l**2 + 2*l + 3. Let x(q) = 13*q**2 + 4*q + 7. Let m(b) = 7*f(b) - 3*x(b). Give m(-2).
8
Let k(u) = -4*u**3 - 11*u**2 + 4*u + 147. Let h(o) = -o**3 - 3*o**2 + o + 39. Let v(b) = -15*h(b) + 4*k(b). What is v(0)?
3
Let k(m) = 2*m - 4. Let y = -19 - -28. Let c = y + -13. Let x be 5 + ((-4)/(-1))/c. Determine k(x).
4
Let w(y) be the third derivative of 0*y**4 + 5*y**2 - 2/3*y**3 + 0*y - 1/60*y**5 + 0. Suppose -19 = 4*j - 19. Calculate w(j).
-4
Let a(b) = -2*b + 66. Let u(q) = -10*q + 66. Let m(h) = -3*a(h) + 2*u(h). Calculate m(-5).
4
Let u = -26 + 14. Let n be 9/15 + u/(-30). Let q(h) = -9*h + 1. Determine q(n).
-8
Let s be (4/6)/(2/(-3)). Let p(a) = -27*a**3 + 2*a**2 + a. Give p(s).
28
Let p(s) = -15 + 3*s - 2*s + 0*s - 2*s. Suppose -24*l = -19*l. Calculate p(l).
-15
Let k(l) be the second derivative of 7*l**5/20 + l**4/12 - l**3/6 - 5*l. Let s(b) = -b**2 + 3*b - 1. Let m be s(1). Calculate k(m).
7
Let z(r) = -6*r + r**2 - 4*r + 1 + 2 + 1. Calculate z(10).
4
Let s = 256 + -256. Let x(r) = r**2 - 9. Determine x(s).
-9
Let c(f) = 3*f + 12. Suppose -2*m = 2, -5*m - 10 = -17*r + 18*r. What is c(r)?
-3
Suppose 124 = 4*b - 24. Let a(d) = 2 + 1 - b*d - d**2 + 39*d. What is a(-2)?
-5
Suppose -3*a = -3*o - 3, -4*a + 2*o = 3*o - 24. Let n(j) = 3*j**2 + 3*j + 3. Let m(r)